3 = -2*g - 11*g. What is the remainder when (-2)/(-2*3/249) is divided by 152/g + (-12)/(-66)?
13
Let j(w) = 21*w - 19. Let a(i) = -10*i + 9. Let h be -1*(-53 + 1)/(-4). Let u(z) = h*a(z) - 6*j(z). What is the remainder when u(1) is divided by 1?
0
Let f = 820 - 558. Let p = f - 240. Calculate the remainder when 49 is divided by p.
5
Suppose -3*c + 495 = 5*y, -29*c + 314 = -27*c - 2*y. What is the remainder when 1597 is divided by c?
157
Suppose -10*r + 6*r = j - 3, -5*r = -4*j - 30. Calculate the remainder when 92 is divided by (-11)/(55/(-75)) - j.
12
Let p = -10425 + 10493. Calculate the remainder when 623 is divided by p.
11
Suppose -75636 = -36*a - 8*a. What is the remainder when a is divided by 43?
42
Let a(m) = 44*m**3 - 16*m**2 + 83*m + 25. Calculate the remainder when a(6) is divided by 172.
163
Suppose -5*g + 13848 = 2*h, 2*h + 151*g - 13832 = 154*g. What is the remainder when h is divided by 20?
19
Let c be 1/3 + 28/6. Let i(d) = -d**3 + 6*d**2 - 10*d + 17. Let q be i(c). Let b(y) = y**2 - y + 12. What is the remainder when b(q) is divided by 22?
18
Let y(z) = -z**3 + 68*z**2 - 833*z + 66. Suppose -k = 4*k - 40. Let x(n) = -n**3 + 8*n**2 + 5. Calculate the remainder when y(52) is divided by x(k).
4
Suppose -39621 = 19*y - 66*y. What is the remainder when y is divided by 173?
151
Suppose 12*p - 24 = 72. Let u(n) = -6*n**3 + n. Let a be u(-1). Suppose -p*h + 18 = -a*h. Calculate the remainder when 11 is divided by h.
5
Let a(m) = 107*m**2 + 630*m + 2. What is the remainder when 656 is divided by a(-6)?
64
Suppose 5*i = -4*n - 378, -15*i + 10*i - 405 = -5*n. What is the remainder when 3/18 - 8255/i is divided by 14?
8
Let j(g) = -4*g**3 + 11*g**2 + 99*g. Calculate the remainder when 494 is divided by j(-4).
26
Let g = -202 - -202. Suppose g = 9*p - 3*p - 246. Calculate the remainder when 199 is divided by p.
35
Calculate the remainder when 4599/(-13 + 16) - 8 is divided by 51.
46
Let h(r) = 12*r + 74. Suppose -m + 2*l - 4 = -3*m, -4*m = -2*l - 8. Suppose 6*k - 604 = m*k. What is the remainder when k is divided by h(-3)?
37
Let x(z) = z**2 + 5*z - 85. Let y be x(8). Suppose -2*w = y*l - 17*l - 50, -4*w + 5*l = -82. What is the remainder when 30 is divided by w?
7
Suppose -3*x - 4*m = -88 - 55, 0 = 5*x - 3*m - 219. Suppose 23*l = 25*l - 32. What is the remainder when x is divided by l?
13
Let j(i) = i**3 - i**2 + 2*i - 110. Let z be j(0). Suppose -144 = 5*n - 204. Calculate the remainder when (z/33)/((-1)/6) is divided by n.
8
Suppose -1169*k - 130 = -1174*k. Calculate the remainder when 66 is divided by k + 0/(5/1 - 3).
14
Let i be ((-210)/120)/((-1)/(-436)). Let f = 802 + i. What is the remainder when 110 is divided by f?
32
Suppose j - 124 = 5*c, -240*j + 245*j - 536 = 4*c. Calculate the remainder when 1974 is divided by j.
102
Let d be (-9)/6*(-56)/6. Calculate the remainder when 19/(2299/11396) - 2/11 is divided by (-6)/d + 855/35.
22
Suppose 5*u - 55 = -6*s + 5*s, -5*s - 55 = -5*u. Calculate the remainder when 85 is divided by (7 - (u + -8))/(4/30).
25
Let q = -51 + 80. Let o(k) = -136*k - 1680. What is the remainder when o(-13) is divided by q?
1
Suppose m - 335 = -2*x - 282, 147 = 3*m + 3*x. Calculate the remainder when 1232 is divided by m.
17
Suppose 33 = -8*l + 9*l. Suppose 4*w = 7 + l. Let j(b) = -b**2 - 14*b - 4. What is the remainder when j(-6) is divided by w?
4
What is the remainder when 367 is divided by (-4 - -35) + 29 + 0 + 13?
2
Suppose -47*l - 2991 + 12495 = 52*l. Calculate the remainder when l is divided by 55.
41
Suppose -14 = -y + 71. Suppose 91*o = 86*o + y. Suppose -2*n + 197 = 3*r, 2*r = -4*n + n + 133. What is the remainder when r is divided by o?
14
Suppose -4*z + 293 + 7 = 5*y, -4*z = -3*y + 180. Suppose 15*s + 0 = y. What is the remainder when 6 is divided by s?
2
Suppose -1001 = -9*h + 2*h. Suppose -148*n = -h*n - 130. What is the remainder when 1*100 - (-2)/2 is divided by n?
23
Let n(x) = -x**3 - 20*x**2 + 22*x - 17. Let j = -49 + 96. Calculate the remainder when n(-22) is divided by j.
44
Let z(l) = 4*l**2 + l. Let f(w) = -w**3 + 9*w**2 - 8*w - 2. Let j be f(8). Suppose -542 = -21*a + 592. Calculate the remainder when a is divided by z(j).
12
Let r be (1 + 1)/(14/(-7)) - -7. Suppose -43 + 193 = r*z. What is the remainder when 3 - 2 - (-121 - 0) is divided by z?
22
Let d(i) = -28*i - 176 - 113 + 185. What is the remainder when d(-6) is divided by 22?
20
Let r = -99 - -151. Calculate the remainder when -8*4/(-272) + 232740/204 is divided by r.
49
Suppose 3*u + 15 = 0, 74 = -k + 4*u - 5*u. Let q = k - -166. Let a = -139 - -149. Calculate the remainder when q is divided by a.
7
Suppose -x - x + 30 = 0. Let l be x/(-2)*(-10)/15. Suppose -2*b = -l*p + 368, 5*b = -0*b - 20. Calculate the remainder when p is divided by 25.
22
Let w = -9 + 20. Suppose -2*y + 6*i + 76 = 9*i, -4*y - i = -142. Calculate the remainder when y is divided by w.
2
Let y = -416 + 424. Calculate the remainder when 5*y/120*1908 is divided by 71.
68
Let o = 11215 - 11206. What is the remainder when 0 - (2 + 172)/(-2) is divided by o?
6
Let k(m) = -7*m - 25. Let a be k(-6). Suppose 0 = a*x - 2*x - 25800. What is the remainder when 6/14 + x/70 is divided by 6?
1
Suppose t - 55 = 3*b, -117 = -5*t + 3*b + 134. What is the remainder when 2156 is divided by t?
0
Let j be (-39)/(-5) - 93/(-465). Suppose 5*d + 1758 = j*d. What is the remainder when d is divided by 42?
40
Suppose -2*n = -2*v + 5*v - 585, 0 = n + 4*v - 280. Calculate the remainder when 320 is divided by n.
20
Let k(q) = -q**2 - 4*q + 3. Let l be k(-4). Suppose 18 = l*a + 3. Calculate the remainder when 27 is divided by a.
2
Suppose 3*n + l = 3154, -5*n - 2*l = -267 - 4989. What is the remainder when n is divided by 24?
20
Let t = 24138 - 24040. Calculate the remainder when 199 is divided by t.
3
Let h be (-39480)/(-350)*5/(-2). Let m(p) = 2*p**3 - 4*p**2 - p + 2. What is the remainder when 92/((5/(-3))/(235/h)) is divided by m(3)?
12
Let r = -36 - -54. Let y be (1 + -26)/5 + 3. What is the remainder when r is divided by 147/21 + 6/y?
2
Suppose 5*u + 2*s = 210 + 39, -3*u + 4*s + 139 = 0. Calculate the remainder when -2 + (0 - -4) + 104 is divided by u.
8
Let p(v) = v**3 + 10*v**2 + 48*v + 189. Calculate the remainder when 1168 is divided by p(-6).
43
Calculate the remainder when 5/(-75)*3 - (-301302)/285 is divided by 212.
209
Suppose -z - 387 = -4*z. Calculate the remainder when z is divided by ((-143)/39)/(10/90)*-2.
63
Suppose 3*g + 18 = 9*g. Suppose g*p - 57 = 42. What is the remainder when 263 is divided by p?
32
Let z = 2717 - 2155. Calculate the remainder when z is divided by 22.
12
Let b = -15 + 43. Let m = 69 - b. Let d(x) = 250*x - 6. Calculate the remainder when d(1) is divided by m.
39
Let l = -8 + 8. Suppose -4*x - 5*y = -101, l*x + 2*x = y + 61. Calculate the remainder when x is divided by 17.
12
Let a(s) = 55 + 15*s + 0*s - 4*s**2 + 3*s**2 - 9*s. Calculate the remainder when 65 is divided by a(10).
5
Let i(n) = 10*n**2 + n + 1. Let y(x) = -87*x - 45. Let t be y(4). Let d = -386 - t. What is the remainder when i(-2) is divided by d?
4
Let j(o) = 4*o**2 - o - 227*o**3 - 12 + 3*o - 4*o + 194*o**3 + o. What is the remainder when j(-2) is divided by 55?
50
Suppose -5*l + f + 250 = 31, 0 = -2*f - 8. Calculate the remainder when l is divided by 43.
0
Suppose 3*z = g - 52 - 95, -5*g = -4*z - 779. Suppose t - g = 62. Suppose 11*c - 54 = t. What is the remainder when 85 is divided by c?
10
Let i(g) = g**3 + 20*g**2 + 21*g + 40. Let k be i(-19). Suppose -2*m - 3*m = 3*l - 404, 0 = -k*m + 3*l + 170. Calculate the remainder when m is divided by 21.
19
Let p(k) = -2*k - 4. Let i be p(4). Let j = i - -16. What is the remainder when 74 is divided by j?
2
Let g = -168 - -111. Calculate the remainder when 253 is divided by 2 + g/30 + (-147)/(-30).
3
Let c(l) = -l**2 + 57*l + 213. What is the remainder when c(54) is divided by 129?
117
Let q = -7920 - -9550. Calculate the remainder when q is divided by 24.
22
Suppose -5*x = 6*x - 2*x - 108. What is the remainder when (93/12)/((-3)/(-24)) is divided by x?
2
Suppose -523*j + 626*j = 1648. Calculate the remainder when 40 is divided by j.
8
Calculate the remainder when 178 is divided by 48/(-60)*5550/(-60).
30
Suppose 4*z - r = 5971, 9*z